*o - 18121. What is n(-386)?
21
Let d(y) = 3*y**3 - 13*y**2 + 43*y - 27. Determine d(4).
129
Let m(f) = 9*f**3 - 2546*f**2 - 298*f - 1404. Give m(283).
-5649
Let d(b) = 4*b**3 + 219*b**2 - 9330*b + 1735. What is d(28)?
-1
Let c(w) = w**3 - 15*w**2 - 908*w + 14872. Determine c(17).
14
Let h(q) = -84533*q + 337940. Determine h(4).
-192
Let p(h) = -38*h**2 + 389*h - 701. What is p(4)?
247
Let d(r) = -4*r**3 + 1591*r**2 + 426*r - 11133. Determine d(398).
11
Let f(m) = m**3 - 1274*m**2 - 132*m + 1788522. Give f(1273).
-43
Let g(o) = -88*o**3 - o**2 + 429*o + 428. Give g(-1).
86
Let t(v) = 423*v + 12119. What is t(-29)?
-148
Let f(u) = 6*u**3 - 170*u**2 + 84*u - 764. Give f(28).
20
Let v(n) = -3*n**2 - 5101*n - 237809. Determine v(-48).
127
Let n(o) = 230*o**2 + 7744*o - 2588. Give n(-34).
-4
Let w(f) = 112*f**2 + 3186*f + 190. Calculate w(-30).
5410
Let o(y) = -3*y**2 - 28449*y + 341833. What is o(12)?
13
Let q(r) = -r**2 + 951*r + 16347. Calculate q(-17).
-109
Let u(f) = 46*f**2 - 41*f + 90. Calculate u(-6).
1992
Let a(z) = 785*z - 198604. Calculate a(253).
1
Let o(j) = 8*j**3 + 37*j**2 + 5*j - 17. Calculate o(-5).
-117
Let d(l) = 8*l**2 - 188*l + 1932. What is d(11)?
832
Let m(d) = d**2 + 392*d - 33867. What is m(73)?
78
Let f(q) = -q**3 + 11*q**2 - 89*q + 1018. What is f(11)?
39
Let b(f) = -f**3 - 56*f**2 - 155*f - 1279. Calculate b(-53).
-1491
Let d(l) = l**3 + 1073*l**2 + 88476*l + 537. Calculate d(-90).
-3
Let v(y) = -49*y - 2200. Calculate v(-47).
103
Let t(m) = -74*m**2 - 178*m - 181. Calculate t(-1).
-77
Let t(f) = 3*f**3 + 1155*f**2 + 875*f - 106366. What is t(-384)?
2
Let n(y) = y**2 - 719520*y - 3597618. Calculate n(-5).
7
Let h(m) = -3013*m - 8305. Determine h(-3).
734
Let h(t) = -t**3 + 4423*t**2 - 44157*t + 244. Determine h(10).
-26
Let g(m) = -724*m + 17418. What is g(24)?
42
Let w(r) = -70*r**2 - 1080*r - 1401. What is w(-14)?
-1
Let n(y) = -24*y - 1463. Give n(-37).
-575
Let c(k) = 168*k - 16332. What is c(76)?
-3564
Let l(p) = -4963487*p + 19853944. Determine l(4).
-4
Let k(f) = -13*f**2 + 5828*f - 40809. Determine k(7).
-650
Let w(t) = 9*t**3 - 489*t**2 + 118*t + 2403. Give w(54).
27
Let h(r) = -r**3 - 177*r**2 + 14*r + 1252. What is h(-177)?
-1226
Let v(l) = l**2 - 393*l + 3145. Determine v(8).
65
Let h(l) = -3*l**3 - 29*l**2 + 777*l - 153. Determine h(-22).
661
Let c(u) = -3037*u - 42534. What is c(-14)?
-16
Let w(n) = n**2 - 1049*n + 417. Give w(0).
417
Let t(h) = h**3 - 40*h**2 + 255*h - 4014. What is t(36)?
-18
Let w(t) = t**3 - 35*t**2 + 146*t + 28. Give w(5).
8
Let i(a) = -2*a**3 + 7*a**2 - 39*a + 110. Calculate i(9).
-1132
Let s(u) = -u**3 + 783*u + 3. Calculate s(-28).
31
Let w(a) = -96*a + 18455. What is w(191)?
119
Let k(w) = -97*w**2 + 4077*w - 11661. Calculate k(39).
-195
Let x(l) = -4535*l + 122434. Give x(27).
-11
Let w(x) = 1189*x + 7348. Determine w(-6).
214
Let i(u) = -2*u**3 - 77*u**2 - 2125*u - 61847. What is i(-34)?
-1
Let a(b) = -3*b**2 - 47*b + 1457. Calculate a(-30).
167
Let x(c) = -c**3 + 37*c**2 + 1000*c - 528. What is x(55)?
22
Let w(p) = -14*p**3 - 588*p**2 + 34*p + 1424. What is w(-42)?
-4
Let c(o) = o**3 + 30*o**2 - 201*o - 2747. Determine c(-33).
619
Let m(s) = -2*s**3 + 124*s**2 + 119*s + 325. Calculate m(63).
-116
Let i(c) = 8*c**3 + 686*c**2 - 138*c + 3011. Calculate i(-86).
87
Let r(p) = -11*p**2 + 6423*p - 12797. Give r(2).
5
Let f(n) = -1663*n + 552082. Determine f(332).
-34
Let h(q) = -9*q**3 - 398*q**2 - 25*q + 2954. Determine h(-44).
182
Let m(k) = -k**3 - 158*k**2 + 830*k + 2308. Calculate m(-163).
-137
Let j(s) = -s**3 + 13*s**2 - 449*s + 5258. Determine j(12).
14
Let w(u) = u**3 - 77*u**2 + 1361*u + 2039. What is w(31)?
24
Let t(o) = -o**3 + 8*o**2 + 13*o - 44. Determine t(-5).
216
Let s(t) = -t**3 - 2233*t**2 + 35980*t - 9. Determine s(16).
-73
Let y(d) = -77*d**2 - 237*d - 420. What is y(-3)?
-402
Let c(v) = 10*v**2 + 1387*v - 14865. Calculate c(10).
5
Let v(n) = 11240*n + 33668. Determine v(-3).
-52
Let l(k) = -k**3 + 89*k**2 - 2000*k + 22. Give l(47).
-1200
Let q(c) = c**3 - 5*c**2 - 26*c + 184. Give q(13).
1198
Let x(p) = 1939*p + 35130. What is x(-19)?
-1711
Let i(t) = -2450*t + 353. Calculate i(1).
-2097
Let o(f) = -37*f**2 - 565*f - 744. Calculate o(-14).
-86
Let q(s) = 14*s**2 + 3581*s + 220998. What is q(-104)?
-2
Let a(z) = 2*z**2 + 623*z + 17881. Give a(-32).
-7
Let w(t) = t**3 - 301*t**2 + 4787*t + 11686. Give w(284).
42
Let n(t) = -24492*t - 710270. What is n(-29)?
-2
Let v(j) = 401168*j + 3209337. Give v(-8).
-7
Let c(r) = 28*r**2 - 535*r + 2209. Determine c(6).
7
Let k(w) = 50064*w - 650834. Determine k(13).
-2
Let z(l) = -11*l**2 + 171*l + 1628. Calculate z(24).
-604
Let q(r) = -452*r - 9302. Determine q(-21).
190
Let q(m) = 4118555*m + 8237105. Calculate q(-2).
-5
Let q(r) = -4151*r + 33171. What is q(8)?
-37
Let m(k) = -k**3 + 13*k**2 + 69*k - 66. Calculate m(13).
831
Let t(m) = 25*m**2 - 13208*m - 8989. Determine t(529).
4
Let g(h) = 29*h**3 + 11944*h**2 - 1650*h - 828. Determine g(-412).
-4
Let g(c) = -140*c**2 + 14839*c + 246. Determine g(106).
140
Let d(g) = -2*g**3 - 1566*g**2 - 12405*g - 13. Give d(-8).
27
Let p(v) = v**2 - 42*v - 214. Determine p(-8).
186
Let j(v) = 2*v**3 - 140*v**2 - 216*v - 5027. Determine j(72).
157
Let a(u) = -3887*u - 987342. Determine a(-254).
-44
Let c(q) = 20*q**2 + 939*q - 75. Determine c(-47).
-28
Let b(p) = 1532*p - 130692. What is b(86)?
1060
Let s(c) = 2615*c - 73297. Determine s(28).
-77
Let h(a) = -2*a**3 + 80*a**2 + 895*a + 1909. Give h(-3).
-2
Let r(i) = i**3 + 16*i**2 + 33*i + 60. What is r(-14)?
-10
Let m(j) = 320*j**2 + 4762*j + 3938. Give m(-14).
-10
Let q(x) = x**3 + 87*x**2 - 411*x - 19935. Calculate q(-89).
802
Let k(q) = -29*q**2 - 466*q - 365. Determine k(-15).
100
Let c(o) = o**3 - 81*o**2 - 178*o + 780. What is c(83)?
-216
Let p(i) = -41*i + 10037. Determine p(244).
33
Let u(z) = 223*z + 7770. What is u(-36)?
-258
Let c(q) = -4360*q + 3679836. Determine c(844).
-4
Let p(t) = 3*t**3 + 146*t**2 - 509*t - 16. Determine p(-52).
-588
Let r(c) = -c**3 - 236*c**2 - 1010*c - 182303. Determine r(-235).
-178
Let d(v) = 3*v**2 + 691*v + 2064. Determine d(-3).
18
Let a(m) = 72600*m - 435594. Give a(6).
6
Let x(i) = i**3 - 22*i**2 + 27*i - 351. Give x(11).
-1385
Let l(o) = -12*o**2 - 69*o + 1727. Give l(9).
134
Let f(a) = -19316*a - 463608. Determine f(-24).
-24
Let t(k) = 223*k**2 - 21854*k + 53. Calculate t(98).
53
Let u(v) = v**3 + 45*v**2 - 177*v - 5617. Give u(-47).
-1716
Let s(d) = 314*d**2 - 617*d - 29. Determine s(2).
-7
Let f(s) = -2*s**3 - 103*s**2 - 405*s - 317. What is f(-48)?
2995
Let k(j) = 3*j**3 - 20*j**2 + 6*j + 160. Give k(0).
160
Let u(o) = -1467*o**2 + 1313*o - 1. Calculate u(1).
-155
Let l(p) = 7*p**3 - 43*p**2 + 19*p + 71. Calculate l(2).
-7
Let l(w) = -11*w**2 - 43*w + 162. Calculate l(-6).
24
Let y(v) = -v**3 + 62*v**2 + 3397*v + 78. What is y(-35)?
8
Let a(u) = u**2 - 151781*u + 303570. What is a(2)?
12
Let i(p) = -p**3 - 26*p**2 - 147*p - 23. Determine i(-21).
859
Let q(k) = 1862*k + 14897. Calculate q(-8).
1
Let f(u) = -111244*u + 778705. Give f(7).
-3
Let z(a) = a**3 + 117*a**2 - 569*a + 4983. Calculate z(-122).
-19
Let l(s) = 18*s**2 - 1641*s - 1649. Give l(-1).
10
Let g(z) = -2*z**3 - 149*z**2 + 1482*z - 2388. What is g(7)?
-1
Let m(u) = 603*u**2 - 15218*u + 51. Calculate m(25).
-3524
Let m(w) = 2*w**3 - 87*w**2 + 111*w + 220. Calculate m(42).
-410
Let w(s) = -2*s**3 - s**2 - 69*s + 36. Determine w(9).
-2124
Let l(q) = -103203*q - 309642. Calculate l(-3).
-33
Let o(m) = -10*m**3 + 20*m**2 + 2*m + 23. Determine o(6).
-1405
Let r(u) = 8159668*u + 24479005. Give r(-3).
1
Let i(w) = -7*w**3 - 40*w**2 + 451*w + 452. What is i(-1)?
-32
Let t(a) = -461*a**2 + 112947*a - 477. What is t(245)?
13
Let v(o) = o**3 - 16*o**2 - 16*o - 8. Calculate v(-7).
-1023
Let o(q) = 2*q**2 - 10509*q - 94741. Give o(-9).
2
Let r(o) = o**3 - 331*o**2 + 25384*o - 8267811. Calculate r(330).
9
Let u(p) = 162*p + 6496. Calculate u(0).
6496
Let g(w) = -5007*w - 44941. What is g(-9)?
122
Let j(x) = 91*x - 1388. Give j(8).
-660
Let j(b) = -19*b**3 - 5734*b**2 + 79072*b + 2199. Calculate j(-315).
-6
Let d(l) = 2*l**3 - 56*l**2 - 9*l + 994. Calculate d(26).
-1944
Let l(u) = u**3 - 606*u**2 + 2427*u - 11507. Calculate l(602).
-69
L